{"id":862,"date":"2023-10-19T01:55:18","date_gmt":"2023-10-19T01:55:18","guid":{"rendered":"https:\/\/tierrasatamisque.com\/?page_id=862"},"modified":"2023-10-20T11:04:24","modified_gmt":"2023-10-20T11:04:24","slug":"nuestra-historia","status":"publish","type":"page","link":"https:\/\/www.tierrasatamisque.com\/index.php\/nuestra-historia\/","title":{"rendered":"NUESTRA HISTORIA"},"content":{"rendered":"\t\t<div data-elementor-type=\"wp-page\" data-elementor-id=\"862\" class=\"elementor elementor-862\" data-elementor-post-type=\"page\">\n\t\t\t\t\t\t<section data-particle_enable=\"false\" data-particle-mobile-disabled=\"false\" class=\"elementor-section elementor-top-section elementor-element elementor-element-4991fd8 elementor-section-full_width elementor-section-height-default elementor-section-height-default\" data-id=\"4991fd8\" data-element_type=\"section\" data-e-type=\"section\">\n\t\t\t\t\t\t<div class=\"elementor-container elementor-column-gap-default\">\n\t\t\t\t\t<div class=\"elementor-column elementor-col-100 elementor-top-column elementor-element elementor-element-236f747\" data-id=\"236f747\" data-element_type=\"column\" data-e-type=\"column\">\n\t\t\t<div class=\"elementor-widget-wrap elementor-element-populated\">\n\t\t\t\t\t\t<section data-particle_enable=\"false\" data-particle-mobile-disabled=\"false\" class=\"elementor-section elementor-inner-section elementor-element elementor-element-6166351 elementor-section-boxed elementor-section-height-default elementor-section-height-default\" data-id=\"6166351\" data-element_type=\"section\" data-e-type=\"section\">\n\t\t\t\t\t\t<div class=\"elementor-container elementor-column-gap-default\">\n\t\t\t\t\t<div class=\"elementor-column elementor-col-100 elementor-inner-column elementor-element elementor-element-5b3cf22\" data-id=\"5b3cf22\" data-element_type=\"column\" data-e-type=\"column\">\n\t\t\t<div class=\"elementor-widget-wrap elementor-element-populated\">\n\t\t\t\t\t\t<div class=\"elementor-element elementor-element-4346df9 elementor-widget elementor-widget-heading\" data-id=\"4346df9\" data-element_type=\"widget\" data-e-type=\"widget\" data-widget_type=\"heading.default\">\n\t\t\t\t<div class=\"elementor-widget-container\">\n\t\t\t\t\t<h2 class=\"elementor-heading-title elementor-size-default\">NUESTRA HISTORIA<\/h2>\t\t\t\t<\/div>\n\t\t\t\t<\/div>\n\t\t\t\t<div class=\"elementor-element elementor-element-cee47b0 elementor-widget-divider--view-line elementor-widget elementor-widget-divider\" data-id=\"cee47b0\" data-element_type=\"widget\" data-e-type=\"widget\" data-widget_type=\"divider.default\">\n\t\t\t\t<div class=\"elementor-widget-container\">\n\t\t\t\t\t\t\t<div class=\"elementor-divider\">\n\t\t\t<span class=\"elementor-divider-separator\">\n\t\t\t\t\t\t<\/span>\n\t\t<\/div>\n\t\t\t\t\t\t<\/div>\n\t\t\t\t<\/div>\n\t\t\t\t<div class=\"elementor-element elementor-element-e20475a elementor-widget elementor-widget-heading\" data-id=\"e20475a\" data-element_type=\"widget\" data-e-type=\"widget\" data-widget_type=\"heading.default\">\n\t\t\t\t<div class=\"elementor-widget-container\">\n\t\t\t\t\t<h2 class=\"elementor-heading-title elementor-size-default\">El Valle de Uco adquiri\u00f3 su nombre de un cacique Huarpe Millcayak, que residi\u00f3 en lo que es hoy Tupungato.\nPosteriormente, cerca del 1490, a estas tierras llegaron los Incas desde Per\u00fa y casi 120 a\u00f1os despu\u00e9s<br>en 1608 los jesuitas se instalaron en Mendoza, fundando la estancia San Jos\u00e9,<br>que dio nacimiento a la comunidad donde hoy se ubican <b>la Finca<\/b> y la <b>Bodega Atamisque<\/b>,<br>dos de las cuatro unidades que comprenden Tierras Atamisque.<\/h2>\t\t\t\t<\/div>\n\t\t\t\t<\/div>\n\t\t\t\t\t<\/div>\n\t\t<\/div>\n\t\t\t\t\t<\/div>\n\t\t<\/section>\n\t\t\t\t\t<\/div>\n\t\t<\/div>\n\t\t\t\t\t<\/div>\n\t\t<\/section>\n\t\t\t\t<section data-particle_enable=\"false\" data-particle-mobile-disabled=\"false\" class=\"elementor-section elementor-top-section elementor-element elementor-element-e15815e elementor-section-full_width elementor-section-height-default elementor-section-height-default\" data-id=\"e15815e\" data-element_type=\"section\" data-e-type=\"section\">\n\t\t\t\t\t\t<div class=\"elementor-container elementor-column-gap-default\">\n\t\t\t\t\t<div class=\"elementor-column elementor-col-100 elementor-top-column elementor-element elementor-element-a81aa1f\" data-id=\"a81aa1f\" data-element_type=\"column\" data-e-type=\"column\">\n\t\t\t<div class=\"elementor-widget-wrap elementor-element-populated\">\n\t\t\t\t\t\t<div class=\"elementor-element elementor-element-b744a34 elementor--h-position-center elementor--v-position-middle elementor-arrows-position-inside elementor-pagination-position-inside elementor-widget elementor-widget-slides\" data-id=\"b744a34\" data-element_type=\"widget\" data-e-type=\"widget\" data-settings=\"{&quot;navigation&quot;:&quot;both&quot;,&quot;autoplay&quot;:&quot;yes&quot;,&quot;pause_on_hover&quot;:&quot;yes&quot;,&quot;pause_on_interaction&quot;:&quot;yes&quot;,&quot;autoplay_speed&quot;:5000,&quot;infinite&quot;:&quot;yes&quot;,&quot;transition&quot;:&quot;slide&quot;,&quot;transition_speed&quot;:500}\" data-widget_type=\"slides.default\">\n\t\t\t\t<div class=\"elementor-widget-container\">\n\t\t\t\t\t\t\t\t\t<div class=\"elementor-swiper\">\n\t\t\t\t\t<div class=\"elementor-slides-wrapper elementor-main-swiper swiper\" role=\"region\" aria-roledescription=\"carousel\" aria-label=\"Slides\" dir=\"ltr\" data-animation=\"fadeInUp\">\n\t\t\t\t<div class=\"swiper-wrapper elementor-slides\">\n\t\t\t\t\t\t\t\t\t\t<div class=\"elementor-repeater-item-985d9f3 swiper-slide\" role=\"group\" aria-roledescription=\"slide\"><div class=\"swiper-slide-bg\" role=\"img\"><\/div><div class=\"swiper-slide-inner\" ><div class=\"swiper-slide-contents\"><\/div><\/div><\/div>\t\t\t\t<\/div>\n\t\t\t\t\t\t\t<\/div>\n\t\t\t\t<\/div>\n\t\t\t\t\t\t\t\t<\/div>\n\t\t\t\t<\/div>\n\t\t\t\t\t<\/div>\n\t\t<\/div>\n\t\t\t\t\t<\/div>\n\t\t<\/section>\n\t\t\t\t<section data-particle_enable=\"false\" data-particle-mobile-disabled=\"false\" class=\"elementor-section elementor-top-section elementor-element elementor-element-893b4c6 elementor-section-full_width elementor-section-height-default elementor-section-height-default\" data-id=\"893b4c6\" data-element_type=\"section\" data-e-type=\"section\">\n\t\t\t\t\t\t<div class=\"elementor-container elementor-column-gap-default\">\n\t\t\t\t\t<div class=\"elementor-column elementor-col-100 elementor-top-column elementor-element elementor-element-9e74f67\" data-id=\"9e74f67\" data-element_type=\"column\" data-e-type=\"column\">\n\t\t\t<div class=\"elementor-widget-wrap elementor-element-populated\">\n\t\t\t\t\t\t<section data-particle_enable=\"false\" data-particle-mobile-disabled=\"false\" class=\"elementor-section elementor-inner-section elementor-element elementor-element-22d33a3 elementor-reverse-mobile elementor-section-boxed elementor-section-height-default elementor-section-height-default\" data-id=\"22d33a3\" data-element_type=\"section\" data-e-type=\"section\">\n\t\t\t\t\t\t<div class=\"elementor-container elementor-column-gap-default\">\n\t\t\t\t\t<div class=\"elementor-column elementor-col-50 elementor-inner-column elementor-element elementor-element-be474ca\" data-id=\"be474ca\" data-element_type=\"column\" data-e-type=\"column\">\n\t\t\t<div class=\"elementor-widget-wrap elementor-element-populated\">\n\t\t\t\t\t\t<div class=\"elementor-element elementor-element-77e87b4 elementor-widget elementor-widget-image\" data-id=\"77e87b4\" data-element_type=\"widget\" data-e-type=\"widget\" data-widget_type=\"image.default\">\n\t\t\t\t<div class=\"elementor-widget-container\">\n\t\t\t\t\t\t\t\t\t\t\t\t\t\t\t<img fetchpriority=\"high\" decoding=\"async\" width=\"958\" height=\"1076\" src=\"https:\/\/www.tierrasatamisque.com\/wp-content\/uploads\/2023\/10\/imgHISTORIA1.jpg\" class=\"attachment-full size-full wp-image-877\" alt=\"\" srcset=\"https:\/\/www.tierrasatamisque.com\/wp-content\/uploads\/2023\/10\/imgHISTORIA1.jpg 958w, https:\/\/www.tierrasatamisque.com\/wp-content\/uploads\/2023\/10\/imgHISTORIA1-267x300.jpg 267w, https:\/\/www.tierrasatamisque.com\/wp-content\/uploads\/2023\/10\/imgHISTORIA1-912x1024.jpg 912w, https:\/\/www.tierrasatamisque.com\/wp-content\/uploads\/2023\/10\/imgHISTORIA1-768x863.jpg 768w\" sizes=\"(max-width: 958px) 100vw, 958px\" \/>\t\t\t\t\t\t\t\t\t\t\t\t\t\t\t<\/div>\n\t\t\t\t<\/div>\n\t\t\t\t\t<\/div>\n\t\t<\/div>\n\t\t\t\t<div class=\"elementor-column elementor-col-50 elementor-inner-column elementor-element elementor-element-6948816\" data-id=\"6948816\" data-element_type=\"column\" data-e-type=\"column\">\n\t\t\t<div class=\"elementor-widget-wrap elementor-element-populated\">\n\t\t\t\t\t\t<div class=\"elementor-element elementor-element-5378f5c elementor-widget elementor-widget-heading\" data-id=\"5378f5c\" data-element_type=\"widget\" data-e-type=\"widget\" data-widget_type=\"heading.default\">\n\t\t\t\t<div class=\"elementor-widget-container\">\n\t\t\t\t\t<h2 class=\"elementor-heading-title elementor-size-default\">Esta propiedad pose\u00eda 19 mil hect\u00e1reas; que luego fueron divididas entre varias familias oriundas de Tupungato, hasta que en 2006 la adquiri\u00f3 John Du Monceau, un belga- franc\u00e9s, apasionado y visionario que se enamor\u00f3 del lugar y decidi\u00f3 vivir all\u00ed junto a su esposa, Chantal As\u00ed fundaron Bodega Atamisque, dise\u00f1ada por los arquitectos Eliana B\u00f3rmida y Mario Yanz\u00f3n. De l\u00edneas netas, grande por dentro (5.000 m2 ) y con una fachada adaptada al h\u00e1bitat, se destaca por sus unicos techos de piedra laja y las paredes que emulan los horizontes del suelo, las diferentes capas pedregosas de la zona que otorgan una caracter\u00edstica \u00fanica a las uvas del lugar. Aunque es una arquitectura sin aspiraciones vanguardistas, fue en sus inicios revolucionaria porque no se hab\u00eda visto en la provincia una estructura con techo a dos aguas. Alrededor de las naves, se expande el oasis de la vi\u00f1a compuesto por 135 hect\u00e1reas de uvas tintas Malbec, Cabernet Sauvignon, Cabernet Franc, Pinot Noir, Merlot, Petit Verdot, y las blancas Chardonnay, Sauvignon Blanc y Viognier.<\/h2>\t\t\t\t<\/div>\n\t\t\t\t<\/div>\n\t\t\t\t\t<\/div>\n\t\t<\/div>\n\t\t\t\t\t<\/div>\n\t\t<\/section>\n\t\t\t\t\t<\/div>\n\t\t<\/div>\n\t\t\t\t\t<\/div>\n\t\t<\/section>\n\t\t\t\t<section data-particle_enable=\"false\" data-particle-mobile-disabled=\"false\" class=\"elementor-section elementor-top-section elementor-element elementor-element-5ed6105 elementor-reverse-mobile elementor-section-boxed elementor-section-height-default elementor-section-height-default\" data-id=\"5ed6105\" data-element_type=\"section\" data-e-type=\"section\">\n\t\t\t\t\t\t<div class=\"elementor-container elementor-column-gap-default\">\n\t\t\t\t\t<div class=\"elementor-column elementor-col-100 elementor-top-column elementor-element elementor-element-27a32e6\" data-id=\"27a32e6\" data-element_type=\"column\" data-e-type=\"column\">\n\t\t\t<div class=\"elementor-widget-wrap elementor-element-populated\">\n\t\t\t\t\t\t<section data-particle_enable=\"false\" data-particle-mobile-disabled=\"false\" class=\"elementor-section elementor-inner-section elementor-element elementor-element-5881db5 elementor-reverse-mobile elementor-section-boxed elementor-section-height-default elementor-section-height-default\" data-id=\"5881db5\" data-element_type=\"section\" data-e-type=\"section\">\n\t\t\t\t\t\t<div class=\"elementor-container elementor-column-gap-default\">\n\t\t\t\t\t<div class=\"elementor-column elementor-col-50 elementor-inner-column elementor-element elementor-element-590b320\" data-id=\"590b320\" data-element_type=\"column\" data-e-type=\"column\">\n\t\t\t<div class=\"elementor-widget-wrap elementor-element-populated\">\n\t\t\t\t\t\t<div class=\"elementor-element elementor-element-ad3c2b4 elementor-widget elementor-widget-heading\" data-id=\"ad3c2b4\" data-element_type=\"widget\" data-e-type=\"widget\" data-widget_type=\"heading.default\">\n\t\t\t\t<div class=\"elementor-widget-container\">\n\t\t\t\t\t<h2 class=\"elementor-heading-title elementor-size-default\">En 2007 la bodega tuvo su primera elaboraci\u00f3n. Tres l\u00edneas de vinos, bautizadas con nombres de vegetaci\u00f3n del lugar: Serbal, con una producci\u00f3n de vinos j\u00f3venes y frescos; Catalpa, que remite a la franja premium; y Atamisque, ultra premium.<br>Los vinos se aprecian en <b>Rinc\u00f3n Atamisque<\/b>, el restaurante que fue inaugurado en 2008\ny que cuenta con enormes ventanales que integran el interior al exterior, pero que tambi\u00e9n presenta mesas afuera para los d\u00edas soleados, y un men\u00fa por pasos y a la carta basado en los productos de la finca. Otros espacios que pueden disfrutarse son la <b>Estancia Atamisque<\/b>, ubicada en la zona de La Carreray que pas\u00f3 a ser parte de Tierras Atamisque en 2010; el <b>Golf<\/b>, que abri\u00f3 sus greens en 2011; los <b>Lodges<\/b>, inaugurados en 2012, y la centenaria <b>Estancia La Alejandra<\/b>, con un encantador estilo gauchesco, desde donde se puede recorrer la zona a caballo.<\/h2>\t\t\t\t<\/div>\n\t\t\t\t<\/div>\n\t\t\t\t\t<\/div>\n\t\t<\/div>\n\t\t\t\t<div class=\"elementor-column elementor-col-50 elementor-inner-column elementor-element elementor-element-df19c0b\" data-id=\"df19c0b\" data-element_type=\"column\" data-e-type=\"column\">\n\t\t\t<div class=\"elementor-widget-wrap elementor-element-populated\">\n\t\t\t\t\t\t<div class=\"elementor-element elementor-element-73e5f41 elementor-widget elementor-widget-image\" data-id=\"73e5f41\" data-element_type=\"widget\" data-e-type=\"widget\" data-widget_type=\"image.default\">\n\t\t\t\t<div class=\"elementor-widget-container\">\n\t\t\t\t\t\t\t\t\t\t\t\t\t\t\t<img decoding=\"async\" width=\"958\" height=\"992\" src=\"https:\/\/www.tierrasatamisque.com\/wp-content\/uploads\/2023\/10\/imgHISTORIA2.jpg\" class=\"attachment-full size-full wp-image-876\" alt=\"\" srcset=\"https:\/\/www.tierrasatamisque.com\/wp-content\/uploads\/2023\/10\/imgHISTORIA2.jpg 958w, https:\/\/www.tierrasatamisque.com\/wp-content\/uploads\/2023\/10\/imgHISTORIA2-290x300.jpg 290w, https:\/\/www.tierrasatamisque.com\/wp-content\/uploads\/2023\/10\/imgHISTORIA2-768x795.jpg 768w\" sizes=\"(max-width: 958px) 100vw, 958px\" \/>\t\t\t\t\t\t\t\t\t\t\t\t\t\t\t<\/div>\n\t\t\t\t<\/div>\n\t\t\t\t\t<\/div>\n\t\t<\/div>\n\t\t\t\t\t<\/div>\n\t\t<\/section>\n\t\t\t\t\t<\/div>\n\t\t<\/div>\n\t\t\t\t\t<\/div>\n\t\t<\/section>\n\t\t\t\t<\/div>\n\t\t","protected":false},"excerpt":{"rendered":"<p>NUESTRA HISTORIA El Valle de Uco adquiri\u00f3 su nombre de un cacique Huarpe Millcayak, que residi\u00f3 en lo que es hoy Tupungato. Posteriormente, cerca del 1490, a estas tierras llegaron los Incas desde Per\u00fa y casi 120 a\u00f1os despu\u00e9sen 1608 los jesuitas se instalaron en Mendoza, fundando la estancia San Jos\u00e9,que dio nacimiento a la [&hellip;]<\/p>\n","protected":false},"author":2,"featured_media":0,"parent":0,"menu_order":0,"comment_status":"closed","ping_status":"closed","template":"elementor_header_footer","meta":{"_joinchat":[],"footnotes":""},"class_list":["post-862","page","type-page","status-publish","hentry"],"yoast_head":"<!-- This site is optimized with the Yoast SEO plugin v27.4 - https:\/\/yoast.com\/product\/yoast-seo-wordpress\/ -->\n<title>NUESTRA HISTORIA - Tierras de Atamisque<\/title>\n<meta name=\"robots\" content=\"index, follow, max-snippet:-1, max-image-preview:large, max-video-preview:-1\" \/>\n<link rel=\"canonical\" href=\"https:\/\/www.tierrasatamisque.com\/index.php\/nuestra-historia\/\" \/>\n<meta property=\"og:locale\" content=\"es_ES\" \/>\n<meta property=\"og:type\" content=\"article\" \/>\n<meta property=\"og:title\" content=\"NUESTRA HISTORIA - Tierras de Atamisque\" \/>\n<meta property=\"og:description\" content=\"NUESTRA HISTORIA El Valle de Uco adquiri\u00f3 su nombre de un cacique Huarpe Millcayak, que residi\u00f3 en lo que es hoy Tupungato. Posteriormente, cerca del 1490, a estas tierras llegaron los Incas desde Per\u00fa y casi 120 a\u00f1os despu\u00e9sen 1608 los jesuitas se instalaron en Mendoza, fundando la estancia San Jos\u00e9,que dio nacimiento a la [&hellip;]\" \/>\n<meta property=\"og:url\" content=\"https:\/\/www.tierrasatamisque.com\/index.php\/nuestra-historia\/\" \/>\n<meta property=\"og:site_name\" content=\"Tierras de Atamisque\" \/>\n<meta property=\"article:modified_time\" content=\"2023-10-20T11:04:24+00:00\" \/>\n<meta property=\"og:image\" content=\"https:\/\/tierrasatamisque.com\/wp-content\/uploads\/2023\/10\/imgHISTORIA1.jpg\" \/>\n<meta name=\"twitter:card\" content=\"summary_large_image\" \/>\n<meta name=\"twitter:label1\" content=\"Tiempo de lectura\" \/>\n\t<meta name=\"twitter:data1\" content=\"3 minutos\" \/>\n<script type=\"application\/ld+json\" class=\"yoast-schema-graph\">{\"@context\":\"https:\\\/\\\/schema.org\",\"@graph\":[{\"@type\":\"WebPage\",\"@id\":\"https:\\\/\\\/www.tierrasatamisque.com\\\/index.php\\\/nuestra-historia\\\/\",\"url\":\"https:\\\/\\\/www.tierrasatamisque.com\\\/index.php\\\/nuestra-historia\\\/\",\"name\":\"NUESTRA HISTORIA - Tierras de Atamisque\",\"isPartOf\":{\"@id\":\"https:\\\/\\\/www.tierrasatamisque.com\\\/#website\"},\"primaryImageOfPage\":{\"@id\":\"https:\\\/\\\/www.tierrasatamisque.com\\\/index.php\\\/nuestra-historia\\\/#primaryimage\"},\"image\":{\"@id\":\"https:\\\/\\\/www.tierrasatamisque.com\\\/index.php\\\/nuestra-historia\\\/#primaryimage\"},\"thumbnailUrl\":\"https:\\\/\\\/tierrasatamisque.com\\\/wp-content\\\/uploads\\\/2023\\\/10\\\/imgHISTORIA1.jpg\",\"datePublished\":\"2023-10-19T01:55:18+00:00\",\"dateModified\":\"2023-10-20T11:04:24+00:00\",\"breadcrumb\":{\"@id\":\"https:\\\/\\\/www.tierrasatamisque.com\\\/index.php\\\/nuestra-historia\\\/#breadcrumb\"},\"inLanguage\":\"es\",\"potentialAction\":[{\"@type\":\"ReadAction\",\"target\":[\"https:\\\/\\\/www.tierrasatamisque.com\\\/index.php\\\/nuestra-historia\\\/\"]}]},{\"@type\":\"ImageObject\",\"inLanguage\":\"es\",\"@id\":\"https:\\\/\\\/www.tierrasatamisque.com\\\/index.php\\\/nuestra-historia\\\/#primaryimage\",\"url\":\"https:\\\/\\\/tierrasatamisque.com\\\/wp-content\\\/uploads\\\/2023\\\/10\\\/imgHISTORIA1.jpg\",\"contentUrl\":\"https:\\\/\\\/tierrasatamisque.com\\\/wp-content\\\/uploads\\\/2023\\\/10\\\/imgHISTORIA1.jpg\"},{\"@type\":\"BreadcrumbList\",\"@id\":\"https:\\\/\\\/www.tierrasatamisque.com\\\/index.php\\\/nuestra-historia\\\/#breadcrumb\",\"itemListElement\":[{\"@type\":\"ListItem\",\"position\":1,\"name\":\"Home\",\"item\":\"https:\\\/\\\/www.tierrasatamisque.com\\\/\"},{\"@type\":\"ListItem\",\"position\":2,\"name\":\"NUESTRA HISTORIA\"}]},{\"@type\":\"WebSite\",\"@id\":\"https:\\\/\\\/www.tierrasatamisque.com\\\/#website\",\"url\":\"https:\\\/\\\/www.tierrasatamisque.com\\\/\",\"name\":\"Tierras de Atamisque\",\"description\":\"\",\"publisher\":{\"@id\":\"https:\\\/\\\/www.tierrasatamisque.com\\\/#organization\"},\"potentialAction\":[{\"@type\":\"SearchAction\",\"target\":{\"@type\":\"EntryPoint\",\"urlTemplate\":\"https:\\\/\\\/www.tierrasatamisque.com\\\/?s={search_term_string}\"},\"query-input\":{\"@type\":\"PropertyValueSpecification\",\"valueRequired\":true,\"valueName\":\"search_term_string\"}}],\"inLanguage\":\"es\"},{\"@type\":\"Organization\",\"@id\":\"https:\\\/\\\/www.tierrasatamisque.com\\\/#organization\",\"name\":\"Tierras de Atamisque\",\"url\":\"https:\\\/\\\/www.tierrasatamisque.com\\\/\",\"logo\":{\"@type\":\"ImageObject\",\"inLanguage\":\"es\",\"@id\":\"https:\\\/\\\/www.tierrasatamisque.com\\\/#\\\/schema\\\/logo\\\/image\\\/\",\"url\":\"https:\\\/\\\/tierrasatamisque.com\\\/wp-content\\\/uploads\\\/2023\\\/08\\\/logoOKtierras.jpg\",\"contentUrl\":\"https:\\\/\\\/tierrasatamisque.com\\\/wp-content\\\/uploads\\\/2023\\\/08\\\/logoOKtierras.jpg\",\"width\":700,\"height\":700,\"caption\":\"Tierras de Atamisque\"},\"image\":{\"@id\":\"https:\\\/\\\/www.tierrasatamisque.com\\\/#\\\/schema\\\/logo\\\/image\\\/\"}}]}<\/script>\n<!-- \/ Yoast SEO plugin. -->","yoast_head_json":{"title":"NUESTRA HISTORIA - Tierras de Atamisque","robots":{"index":"index","follow":"follow","max-snippet":"max-snippet:-1","max-image-preview":"max-image-preview:large","max-video-preview":"max-video-preview:-1"},"canonical":"https:\/\/www.tierrasatamisque.com\/index.php\/nuestra-historia\/","og_locale":"es_ES","og_type":"article","og_title":"NUESTRA HISTORIA - Tierras de Atamisque","og_description":"NUESTRA HISTORIA El Valle de Uco adquiri\u00f3 su nombre de un cacique Huarpe Millcayak, que residi\u00f3 en lo que es hoy Tupungato. Posteriormente, cerca del 1490, a estas tierras llegaron los Incas desde Per\u00fa y casi 120 a\u00f1os despu\u00e9sen 1608 los jesuitas se instalaron en Mendoza, fundando la estancia San Jos\u00e9,que dio nacimiento a la [&hellip;]","og_url":"https:\/\/www.tierrasatamisque.com\/index.php\/nuestra-historia\/","og_site_name":"Tierras de Atamisque","article_modified_time":"2023-10-20T11:04:24+00:00","og_image":[{"url":"https:\/\/tierrasatamisque.com\/wp-content\/uploads\/2023\/10\/imgHISTORIA1.jpg","type":"","width":"","height":""}],"twitter_card":"summary_large_image","twitter_misc":{"Tiempo de lectura":"3 minutos"},"schema":{"@context":"https:\/\/schema.org","@graph":[{"@type":"WebPage","@id":"https:\/\/www.tierrasatamisque.com\/index.php\/nuestra-historia\/","url":"https:\/\/www.tierrasatamisque.com\/index.php\/nuestra-historia\/","name":"NUESTRA HISTORIA - Tierras de Atamisque","isPartOf":{"@id":"https:\/\/www.tierrasatamisque.com\/#website"},"primaryImageOfPage":{"@id":"https:\/\/www.tierrasatamisque.com\/index.php\/nuestra-historia\/#primaryimage"},"image":{"@id":"https:\/\/www.tierrasatamisque.com\/index.php\/nuestra-historia\/#primaryimage"},"thumbnailUrl":"https:\/\/tierrasatamisque.com\/wp-content\/uploads\/2023\/10\/imgHISTORIA1.jpg","datePublished":"2023-10-19T01:55:18+00:00","dateModified":"2023-10-20T11:04:24+00:00","breadcrumb":{"@id":"https:\/\/www.tierrasatamisque.com\/index.php\/nuestra-historia\/#breadcrumb"},"inLanguage":"es","potentialAction":[{"@type":"ReadAction","target":["https:\/\/www.tierrasatamisque.com\/index.php\/nuestra-historia\/"]}]},{"@type":"ImageObject","inLanguage":"es","@id":"https:\/\/www.tierrasatamisque.com\/index.php\/nuestra-historia\/#primaryimage","url":"https:\/\/tierrasatamisque.com\/wp-content\/uploads\/2023\/10\/imgHISTORIA1.jpg","contentUrl":"https:\/\/tierrasatamisque.com\/wp-content\/uploads\/2023\/10\/imgHISTORIA1.jpg"},{"@type":"BreadcrumbList","@id":"https:\/\/www.tierrasatamisque.com\/index.php\/nuestra-historia\/#breadcrumb","itemListElement":[{"@type":"ListItem","position":1,"name":"Home","item":"https:\/\/www.tierrasatamisque.com\/"},{"@type":"ListItem","position":2,"name":"NUESTRA HISTORIA"}]},{"@type":"WebSite","@id":"https:\/\/www.tierrasatamisque.com\/#website","url":"https:\/\/www.tierrasatamisque.com\/","name":"Tierras de Atamisque","description":"","publisher":{"@id":"https:\/\/www.tierrasatamisque.com\/#organization"},"potentialAction":[{"@type":"SearchAction","target":{"@type":"EntryPoint","urlTemplate":"https:\/\/www.tierrasatamisque.com\/?s={search_term_string}"},"query-input":{"@type":"PropertyValueSpecification","valueRequired":true,"valueName":"search_term_string"}}],"inLanguage":"es"},{"@type":"Organization","@id":"https:\/\/www.tierrasatamisque.com\/#organization","name":"Tierras de Atamisque","url":"https:\/\/www.tierrasatamisque.com\/","logo":{"@type":"ImageObject","inLanguage":"es","@id":"https:\/\/www.tierrasatamisque.com\/#\/schema\/logo\/image\/","url":"https:\/\/tierrasatamisque.com\/wp-content\/uploads\/2023\/08\/logoOKtierras.jpg","contentUrl":"https:\/\/tierrasatamisque.com\/wp-content\/uploads\/2023\/08\/logoOKtierras.jpg","width":700,"height":700,"caption":"Tierras de Atamisque"},"image":{"@id":"https:\/\/www.tierrasatamisque.com\/#\/schema\/logo\/image\/"}}]}},"_links":{"self":[{"href":"https:\/\/www.tierrasatamisque.com\/index.php\/wp-json\/wp\/v2\/pages\/862","targetHints":{"allow":["GET"]}}],"collection":[{"href":"https:\/\/www.tierrasatamisque.com\/index.php\/wp-json\/wp\/v2\/pages"}],"about":[{"href":"https:\/\/www.tierrasatamisque.com\/index.php\/wp-json\/wp\/v2\/types\/page"}],"author":[{"embeddable":true,"href":"https:\/\/www.tierrasatamisque.com\/index.php\/wp-json\/wp\/v2\/users\/2"}],"replies":[{"embeddable":true,"href":"https:\/\/www.tierrasatamisque.com\/index.php\/wp-json\/wp\/v2\/comments?post=862"}],"version-history":[{"count":19,"href":"https:\/\/www.tierrasatamisque.com\/index.php\/wp-json\/wp\/v2\/pages\/862\/revisions"}],"predecessor-version":[{"id":957,"href":"https:\/\/www.tierrasatamisque.com\/index.php\/wp-json\/wp\/v2\/pages\/862\/revisions\/957"}],"wp:attachment":[{"href":"https:\/\/www.tierrasatamisque.com\/index.php\/wp-json\/wp\/v2\/media?parent=862"}],"curies":[{"name":"wp","href":"https:\/\/api.w.org\/{rel}","templated":true}]}}